is 0 + -304031?
-304031
In base 4, what is 121103 - -1112?
122221
In base 10, what is -3859 + -82?
-3941
In base 15, what is 45ddd + -5?
45dd8
In base 5, what is -11241 + 3?
-11233
In base 6, what is -1533 - -114?
-1415
In base 8, what is -226355 + 4?
-226351
In base 12, what is -5 + 6600?
65b7
In base 4, what is -202102303 - 1?
-202102310
In base 14, what is 21 - -2342?
2363
In base 4, what is 11201 + 3320?
21121
In base 5, what is 113301 - -141?
113442
In base 16, what is 5 - -4877?
487c
In base 16, what is 177eb - -5?
177f0
In base 6, what is -3 + 1111254?
1111251
In base 9, what is -13245 - 6?
-13252
In base 13, what is -2 - -6a1?
69c
In base 4, what is 12 - 23200101?
-23200023
In base 9, what is 42160 - 5?
42154
In base 2, what is -100001100010 - -10100?
-100001001110
In base 8, what is 2 + 407?
411
In base 9, what is 1 - 34687?
-34686
In base 5, what is 114023411 + 1?
114023412
In base 10, what is 5 - -5756?
5761
In base 9, what is 18043 + -4?
18038
In base 2, what is 100110010111101110 - 100?
100110010111101010
In base 11, what is -8 - 80000?
-80008
In base 16, what is -7a75 - -78?
-79fd
In base 4, what is -21010320 - 200?
-21011120
In base 3, what is 101002201200 + -11?
101002201112
In base 3, what is 2 + 10100001?
10100010
In base 16, what is 1 + bb?
bc
In base 15, what is 4c741 + 2?
4c743
In base 8, what is 2552742 + 3?
2552745
In base 13, what is 2636 - 62?
25a4
In base 6, what is -3 + 11425514?
11425511
In base 7, what is 143 + -411012?
-410536
In base 4, what is -10010 + 100122?
30112
In base 2, what is 11010001011 + -10111000?
10111010011
In base 5, what is -224142 + 2324?
-221313
In base 2, what is 11 + 1011110000011100010?
1011110000011100101
In base 6, what is -1104130 + -124?
-1104254
In base 12, what is a760 + 0?
a760
In base 8, what is -10336302 + 3?
-10336277
In base 5, what is -203234432 - -3?
-203234424
In base 7, what is -6 - 120153?
-120162
In base 8, what is 1 + -414325?
-414324
In base 9, what is 17 - 10650?
-10632
In base 11, what is -2 + -193218?
-19321a
In base 5, what is -3 - 103330?
-103333
In base 14, what is 9858b + 1?
9858c
In base 4, what is 2321221000 + -11?
2321220323
In base 2, what is -1010100 - 1110101001?
-1111111101
In base 9, what is -15217 - -28?
-15178
In base 7, what is 201522 - 1?
201521
In base 15, what is 1 + -3c24d?
-3c24c
In base 13, what is -27433 - 2?
-27435
In base 13, what is 17 - cb71?
-cb57
In base 10, what is 3 - 95778?
-95775
In base 8, what is -5 - 22770?
-22775
In base 5, what is 10 - 41024?
-41014
In base 6, what is 13 - -44032?
44045
In base 13, what is -7621 - 95?
-76b6
In base 2, what is 101 - -11010000011001011?
11010000011010000
In base 10, what is 36 - 8241?
-8205
In base 9, what is -82 - 25372?
-25464
In base 9, what is -3 - 77547?
-77551
In base 6, what is -2425041 - 30?
-2425111
In base 13, what is 1329b - -8?
132a6
In base 4, what is 10 - 111332223?
-111332213
In base 12, what is -22206 - 2?
-22208
In base 3, what is 112102021 - -12012?
112121110
In base 11, what is 1672 + 7?
1679
In base 5, what is -4 + -4222012?
-4222021
In base 8, what is -167 - 5421?
-5610
In base 8, what is 1 + 416741?
416742
In base 10, what is -5983 + -3?
-5986
In base 9, what is -25 + -14544?
-14570
In base 4, what is -11 - 300211221?
-300211232
In base 13, what is 368 + -2c?
339
In base 16, what is -32 - 802?
-834
In base 7, what is 11025 - -3052?
14110
In base 16, what is -d9e4 + -5?
-d9e9
In base 16, what is 128 + -31f?
-1f7
In base 14, what is 3b0bd + -1?
3b0bc
In base 14, what is 11d + -83?
7a
In base 8, what is -175 - 1322?
-1517
In base 15, what is 0 + 10c7?
10c7
In base 14, what is 22acb - c?
22abd
In base 11, what is 863 + 155?
a08
In base 9, what is 38102 + -3?
38088
In base 6, what is -45 + -102410?
-102455
In base 5, what is -12 + 113001241?
113001224
In base 16, what is -62b4 - -12?
-62a2
In base 5, what is -11310030 - -3?
-11310022
In base 2, what is -111110101 - 111100?
-1000110001
In base 4, what is 1031303 + 2333?
1100302
In base 8, what is 2 + -51744?
-51742
In base 7, what is 116 + -123152?
-123033
In base 2, what is -101011110 + 1100?
-101010010
In base 4, what is 132012201 - 10?
132012131
In base 15, what is 3 - -8852?
8855
In base 16, what is 29d8 + 3?
29db
In base 2, what is 1011011110101 - 1011?
1011011101010
In base 2, what is -1110011111011111001 + 0?
-1110011111011111001
In base 3, what is -12011 + -111120101?
-111202112
In base 2, what is -11 + 1111000100000111100?
1111000100000111001
In base 4, what is 11 - -223132?
223203
In base 3, what is -10212002 - -10?
-10211222
In base 14, what is a678 + 2?
a67a
In base 13, what is 5341a1 - 3?
53419b
In base 9, what is 4 - -1247?
1252
In base 10, what is 1750 - 102?
1648
In base 9, what is 1 - 16386?
-16385
In base 8, what is 2060433 - -2?
2060435
In base 13, what is c9 + -4c8c?
-4b93
In base 13, what is -4 + 363199?
363195
In base 14, what is 0 - 926a0?
-926a0
In base 5, what is 344011133 + 10?
344011143
In base 7, what is 3 + -24544?
-24541
In base 4, what is -10202002 + 1211?
-10200131
In base 5, what is -231301 + -44?
-231400
In base 2, what is 110 - -101110000001?
101110000111
In base 16, what is -210 - 575?
-785
In base 3, what is -10 + 1121100201?
1121100121
In base 2, what is 11111000110010011 + -1100?
11111000110000111
In base 4, what is -100200320 + -3?
-100200323
In base 7, what is 21060 + 3?
21063
In base 14, what is -11 + -1072?
-1083
In base 13, what is 0 - -4a9?
4a9
In base 16, what is -4fd1 + 4?
-4fcd
In base 8, what is -114145 - 10?
-114155
In base 8, what is 7 - 12412?
-12403
In base 11, what is -4 - -a41303?
a412aa
In base 7, what is -1 - -302503?
302502
In base 7, what is 164135 - 0?
164135
In base 13, what is -45 + 4b4?
46c
In base 7, what is 0 - 2361366?
-2361366
In base 2, what is -1111100011 + 11100011001?
1100110110
In base 12, what is 1 + -13786?
-13785
In base 15, what is -11692 - -8?
-11689
In base 5, what is -21 + -242412?
-242433
In base 6, what is 24 + -41124?
-41100
In base 7, what is 13 - 1463?
-1450
In base 12, what is 4a1105 + 4?
4a1109
In base 15, what is 12e + -5b?
c3
In base 15, what is -788c - 1?
-788d
In base 8, what is -6 - 1653?
-1661
In base 2, what is -11101100 - -11101100111?
11001111011
In base 3, what is -20120010212 + -12?
-20120011001
In base 14, what is 859 - -d?
868
In base 5, what is 21311040 - 0?
21311040
In base 6, what is 3142410 - 4?
3142402
In base 3, what is 12 + 1000022211200?
1000022211212
In base 14, what is 23 - -6c8c?
6cb1
In base 13, what is -34350 - 11?
-34361
In base 5, what is -1021242 + -3?
-1021300
In base 13, what is -43893 + -5?
-43898
In base 3, what is 12 + -2102122201?
-2102122112
In base 12, what is 1 - -b6a64?
b6a65
In base 16, what is -45276 + -1?
-45277
In base 11, what is 2a57 - 53?
2a04
In base 11, what is 70180 + -4?
70177
In base 14, what is c3143 + -1?
c3142
In base 3, what is 10101222 + 1012122?
11121121
In base 8, what is -20 - -6536?
6516
In base 6, what is -33235 - 0?
-33235
In base 9, what is 271 + 630?
1011
In base 8, what is 7 - 221?
-212
In base 5, what is 11240 + -12331?
-1041
In base 8, what is -50335 + 3?
-50332
In base 15, what is d - 58ba9?
-58b9b
In base 16, what is 5 + 2094?
2099
In base 9, what is -1 + 87085?
87084
In base 6, what is 30 - 10230?
-10200
In base 2, what is -1101100 + -101000000?
-110101100
In base 5, what is 202244 + -144?
202100
In base 14, what is 5cd + -c?
5c1
In base 14, what is -13 - -c3d7?
c3c4
In base 15, what is -16 + -8856?
-886c
In base 5, what is 12323 + 44140?
112013
In base 15, what is -539 + -2?
-53b
In base 3, what is -11 - -1202002200?
1202002112
In base 5, what is 202030 - -114?
202144
In base 7, what is 2 - -1160164?
1160166
In base 8, what is -122 + 2266?
2144
In base 11, what is -852 + -13a1?
-2143
In base 10, what is -1080 + 14?
-1066
In base 11, what is 415198 - 1?
415197
In base 9, what is 1487 - -53?
1551
In base 14, what is -15a69 + -4?
-15a6d
In base 16, what is 1351 - 10?
1341
In base 15, what is -13d8 - a?
-13e3
In base 12, what is 22 - 4a934?
-4a912
In base 4, what is 10 - -1332011112?
1332011122
In base 13, what is ac92 + -145?
ab4a
In base 13, what is 2335bb - 4?
2335b7
In base 8, what is -1133733 + 5?
-1133726
In base 3, what is 111122 - -10202?
122101
In base 14, what is -88c8 + 